factors of f.
13
Suppose n - 17 = -13. List the prime factors of (322/n)/(1/4).
2, 7, 23
Suppose 12 + 16 = 7*d. Let k = 14 - 12. List the prime factors of (80/d)/k*4.
2, 5
Let g be (8/28*7)/(8/(-36)). Let m(a) = -118*a - 160. List the prime factors of m(g).
2, 11, 41
Let z(r) = r**3 + 11*r**2 - 66*r + 3. Let w be z(11). Suppose -4*k + 1453 = -w. What are the prime factors of k?
2, 53
Suppose -5*v = -3*m + 2370, -4*v + 0*m - 1874 = 2*m. Let o = -59 - v. List the prime factors of o.
2, 103
Suppose -2*d + 4*f + 127 = -69, 5*d = 4*f + 484. Suppose -l = -80 - d. What are the prime factors of l?
2, 11
Let a(u) = 3*u**3 - 5*u**2 + 15*u + 7. Let d be a(-6). What are the prime factors of -4 - (d - (3 - 1))?
3, 101
Suppose d + 642*o = 638*o + 28043, 3*o = 5*d - 140054. List the prime factors of d.
5, 13, 431
Let c be (-8)/(-12)*39 + -2. Suppose 0 = c*u - 22*u - 8. Suppose 0 = u*f - 43 - 109. List the prime factors of f.
2, 19
Let p be 22/(11/(88/(-16))). What are the prime factors of (p + 13)/(1/431)?
2, 431
Suppose -16*y + 9*y + 42 = 0. Let c(l) = -l**3 + 13*l**2 - 15*l - 9. What are the prime factors of c(y)?
3, 17
Let v = 120743 - 74634. What are the prime factors of v?
7, 941
Let y = -65 + 65. Let o(c) = -6*c - 6. Let x be o(y). What are the prime factors of (-4 - (-2 - 20))*(-87)/x?
3, 29
Let c(x) be the second derivative of 7*x**4/12 + 19*x**3/6 + 5*x**2/2 + 7*x - 1. What are the prime factors of c(-10)?
5, 103
Let z(s) = -s**2 + 15*s + 31. Let x be z(16). Suppose -14*h + 906 = -x*h. What are the prime factors of h/(-6)*(-1 + 2)?
151
Let y(u) = 4*u**2 - 18*u + 4. Let t be y(8). Suppose -t*s + 112*s = -2064. What are the prime factors of s?
2, 3, 43
Let i(m) be the first derivative of 22*m + 13 + 23/2*m**2. List the prime factors of i(8).
2, 103
Suppose 4*m - 16*m + 75372 = 0. What are the prime factors of m?
11, 571
Let y be (7/(70/72))/(3/45). Let s = 108 - y. Suppose s = 142*k - 143*k + 67. List the prime factors of k.
67
Suppose 6055 = 25*j + 20955. Let u = j - -963. What are the prime factors of u?
367
Let v be (7 - (-75)/(-10))*-10. Suppose 37*x - 32*x + 680 = r, -v*x + 20 = 0. List the prime factors of r.
2, 5, 7
Let s = 18 + -16. Suppose -2*l + s + 4 = 0. Suppose -6*m = l*m - 2070. What are the prime factors of m?
2, 5, 23
Let o be -36*((-455)/(-14) + -2). Let b = o - -1672. What are the prime factors of b?
2, 7, 41
Let f = 15644 - -12303. What are the prime factors of f?
27947
Suppose 3*w - 14 = -0*z + 2*z, z = -3*w + 11. Suppose -w*j + 1223 = -b, 2*j - 2*b = 3*b + 589. Let o = -197 + j. What are the prime factors of o?
2, 5, 11
Let j be (4/(-9))/(-3 + 100/36). Suppose 18 - j = -4*c. What are the prime factors of 30/c*((-35)/15 + -3)?
2, 5
Let f = 3619 + -1827. List the prime factors of f.
2, 7
Let a be -4 + 41*(-2 + 1). Suppose -11*m = 13*m - 3504. Let s = m + a. What are the prime factors of s?
101
Let l(g) = 8*g**2 - 4*g + 687. List the prime factors of l(0).
3, 229
Let l be (-67 - 0)/((-17)/6 + 3). Let w = -71 - l. List the prime factors of w.
331
Let q = 9528 - 6111. List the prime factors of q.
3, 17, 67
Let j = 37350 - 19850. List the prime factors of j.
2, 5, 7
Suppose -6*a + 429224 = -s, 0 = 3*a + 2*s - 5*s - 214632. What are the prime factors of a?
2, 17, 263
Let z(i) be the third derivative of -i**7/84 + i**6/360 + 3*i**5/20 - 7*i**2 - i. Let s(w) be the third derivative of z(w). List the prime factors of s(-3).
2, 7, 13
Suppose -4*c + 3*c = -5*c. Suppose c = -2*h - 60 + 684. Suppose h = 12*l - 9*l. List the prime factors of l.
2, 13
Suppose 0 = 3*k - 5*k + 8. Suppose 10*f - q = 5*f + 24, -q - k = 0. Suppose -f*c = -l + 27, c = 4*l + 3*c - 180. List the prime factors of l.
43
Let c = -70130 - -124147. What are the prime factors of c?
19, 2843
Let v = 513 + 8191. List the prime factors of v.
2, 17
Suppose -141*s + 294*s = 138*s + 534630. List the prime factors of s.
2, 71, 251
Let h = -946 + 1672. Let u = 410 + h. List the prime factors of u.
2, 71
Suppose 161149 + 46532 = 37*i. What are the prime factors of i?
3, 1871
List the prime factors of (7 - 29)*(-333)/(5 - -4).
2, 11, 37
Suppose 0 = -3*d + 4*a + 2, 4*d = 13*a - 8*a + 3. List the prime factors of (-19675)/50*(-4)/d.
787
Suppose t + 4*m = 3*t + 680, 5*t - m = -1736. Let b be t/(-3)*(-7)/(-4). Let y = -70 + b. What are the prime factors of y?
7, 19
Suppose g + 80*r = 79*r + 26218, 3*g = -5*r + 78658. What are the prime factors of g?
2, 29, 113
Suppose -6*n + 11*n - 240 = 0. Let f = 106 - n. Suppose -13*i - f = -15*i. List the prime factors of i.
29
Suppose -g + 2*g - 32 = -3*m, -g + 4*m = -32. Suppose 0*d = -2*i + 3*d + 9, 13 = 4*i - d. Suppose i*x + g - 167 = 0. List the prime factors of x.
3, 5
Suppose 2*o + 28*t - 17864 = 25*t, -o + 2*t = -8953. What are the prime factors of o?
8941
Suppose p = -3 + 2, 2*p - 108 = -5*z. Suppose 5*m + 2 = z, 4*t = -5*m - 860. Let g = -71 - t. What are the prime factors of g?
149
Suppose 43 - 3 = -2*d. Let z = 116 - d. What are the prime factors of z?
2, 17
Suppose 138*j - 139*j - 5*g = -48274, -3*j + g = -144886. List the prime factors of j.
2, 3, 2683
What are the prime factors of (898/6)/((-88)/(-264))?
449
Let u(c) = c**3 + 22*c**2 - 14*c + 9. Let s be u(-22). Let l = s + -190. What are the prime factors of l?
127
Let h be -9 + (-10 - (-12 - -5)). What are the prime factors of -4 + 3/18 + (-4174)/h?
2, 43
Suppose 5*m + 37 = 4*u, -u - 4*m = -2*m + 7. Let i(x) = 0 - 18*x + 9*x - u*x - 2 + 2*x**2. What are the prime factors of i(9)?
2, 13
Suppose -3*h + 4*h = -5*o + 108, 3*o - 58 = -4*h. Suppose -d + 18 = o. What are the prime factors of -3*10/15*334/d?
167
What are the prime factors of 45164 - ((-6)/33 + 3 + 84/(-22))?
3, 5, 3011
Let x be (-2)/(-1*(-8)/(-20)). What are the prime factors of 3660/(-75)*(-3)/2*x?
2, 3, 61
Suppose 6*p = 2*p + 3896. Let s = 1393 - p. What are the prime factors of s?
419
Let x = 332 + -326. Suppose -4*w = 8*t - x*t - 630, 0 = 3*t - 4*w - 935. List the prime factors of t.
313
Let h(z) = -z**2 - 19*z - 31. Let y be h(-17). Let t be y - (3 + (-65 - -2)). Suppose -t = -3*x - 4*x. List the prime factors of x.
3
Let w(l) = -l**3 - 12*l**2 - 21*l - 2. Let h be w(-9). Let f = h + 56. Suppose f = -7*r + 4*r + 384. List the prime factors of r.
2
Let j be (((-2855)/(-4))/5)/(17/952). Suppose 422*d - 415*d = j. What are the prime factors of d?
2, 571
Suppose 5*v + 30 = 0, 4*i - 200790 = 425*v - 424*v. List the prime factors of i.
2, 3, 47, 89
Let f(d) = -d**2 - 10*d - 20. Let r be f(-4). Suppose 2*o - o - 279 = -r*g, 2*g + 4*o - 122 = 0. List the prime factors of g.
71
Suppose -154*t + 201567 + 98100 = -148319. List the prime factors of t.
2909
Let p(v) = -64*v + 52*v + 62*v + 1. List the prime factors of p(4).
3, 67
Let r = 70633 + -29419. What are the prime factors of r?
2, 3, 6869
Suppose -38*v + 50263 + 161420 = -179869. List the prime factors of v.
2, 7, 23
Let f(o) = -2*o**3 - 8*o**2 - 2*o - 4. Let w be f(-4). What are the prime factors of 136/w + 0 + -5?
29
Let z(n) = -2*n**2 - 1 - n**3 + 1 - 5*n**3 + 1. Let l be z(-1). Suppose 3*o = i + 60 + 183, 403 = l*o - i. List the prime factors of o.
2, 5
List the prime factors of ((-1914120)/(-195))/(3/2).
2, 409
Let o = 48 - 38. Suppose 1113 = o*r - 167. Let p = r - 60. List the prime factors of p.
2, 17
Suppose 1082 = 38*y - 4466. List the prime factors of y.
2, 73
Let m(x) = -769*x + 71. List the prime factors of m(-9).
2, 19, 23
Let k(m) = 2*m**3 - 2*m**2 + 9. Let d be k(0). Suppose 0 = 2*u + d*u - 4961. List the prime factors of u.
11, 41
Let h(p) = p**3 + 3*p**2 + 4*p + 4. Let a be h(-2). Suppose -2*r + r - 2 = a. What are the prime factors of 4*(-23)/r + 1*2?
2, 3
Let w = 109 + -43. Let b be (w - (-16)/4)*30/(-7). What are the prime factors of b/(-18) - 1/(-3)?
17
Let t(v) = 3*v - 30. Let b be t(10). Suppose -256 = -2*z + 4*y, -5*y = -z - b*z + 131. Let d = -61 + z. List the prime factors of d.
5, 13
Let q = 62 + -64. Let s be ((-13)/q - (-6 + 6))*-40. Let w = 373 + s. List the prime factors of w.
113
Suppose 0 = -4*n - 5*k + 28, 0 = 4*n - 3*k + 2*k - 4. Suppose -n*x = -2, 85 = 8*i - 3*i - 5*x. What are the prime factors of i?
2, 3
Let x(s) = -2*s**2 - 3*s + 10. Let p be x(-3). List the prime factors of 4*(-28 - 0)*(-1 - p).
2, 7
Let i = 1892 + -1023. List the p